{"id":47,"date":"2019-10-26T15:24:51","date_gmt":"2019-10-26T13:24:51","guid":{"rendered":"http:\/\/www.robertholcman.net\/\/?page_id=47"},"modified":"2022-08-08T15:53:38","modified_gmt":"2022-08-08T13:53:38","slug":"sites-dinstitutions","status":"publish","type":"page","link":"https:\/\/www.robertholcman.net\/index.php\/sites-dinstitutions\/","title":{"rendered":"Sites d&rsquo;institutions"},"content":{"rendered":"\n<p><em>Dans le cadre d\u2019une recherche documentaire centr\u00e9e sur l\u2019emploi,  le ch\u00f4mage ou la protection sociale, les sites des institutions  suivantes peuvent \u00eatre utiles. Ce sont des institutions publiques ou  priv\u00e9es, fran\u00e7aises, europ\u00e9ennes ou internationales. <\/em><\/p>\n\n\n\n<p class=\"has-text-align-center\" style=\"font-size:5px\">.<\/p>\n\n\n\n<p class=\"has-text-align-center\" style=\"font-size:5px\">.<\/p>\n\n\n\n<p><a href=\"https:\/\/www.fonction-publique.gouv.fr\/action-sociale-interministerielle\" target=\"_blank\" rel=\"noreferrer noopener\">ACTION SOCIALE<\/a><br>(Site minist\u00e9riel)<br>Portail minist\u00e9riel qui permet d\u2019acc\u00e9der \u00e0 diff\u00e9rentes sources d\u2019information relatives \u00e0 l\u2019action sociale : actualit\u00e9s, dossiers th\u00e9matiques, recherches, \u00e9tudes, statistiques, sites r\u00e9gionaux, emplois et concours, renseignements pratiques, points presse.<\/p>\n\n\n\n<p><a href=\"https:\/\/www.anact.fr\/\" target=\"_blank\" rel=\"noreferrer noopener\">ANACT <\/a><br>(Agence nationale pour l&rsquo;am\u00e9lioration des conditions de travail)<br><a href=\"https:\/\/www.anact.fr\/\"><\/a>Site g\u00e9n\u00e9ral o\u00f9 il est possible d&rsquo;effectuer des recherches documentaires sur les publications de l&rsquo;ANACT. On peut prendre contact t\u00e9l\u00e9phoniquement avec des documentalistes et se faire envoyer un listing des r\u00e9f\u00e9rences trouv\u00e9es par rapport \u00e0 un th\u00e8me de recherche. A noter que l&rsquo;ANACT est bas\u00e9e \u00e0 Lyon.<\/p>\n\n\n\n<p><a rel=\"noreferrer noopener\" href=\"http:\/\/www.unedic.org\/\" target=\"_blank\">ASSEDIC\/<\/a><a rel=\"noreferrer noopener\" aria-label=\"UNEDIC (s\u2019ouvre dans un nouvel onglet)\" href=\"https:\/\/www.unedic.org\/\" target=\"_blank\">UNEDIC<\/a><br>Acc\u00e8s aux\npublications de&nbsp;l&rsquo;UDEDIC. Etudes pointues mais extr\u00eamement int\u00e9ressantes.\nDonn\u00e9es statistiques officielles sur l&#8217;emploi et le ch\u00f4mage.&nbsp;<\/p>\n\n\n\n<p><a href=\"https:\/\/www.banque-france.fr\/\" target=\"_blank\" rel=\"noreferrer noopener\">BANQUE DE FRANCE<\/a><br>Site int\u00e9ressant mais cibl\u00e9 : statistiques, publications, textes officiels&#8230; sur la monnaie et l&rsquo;\u00e9conomie mon\u00e9taire. Articles de conjoncture \u00e9conomique nationale et internationale.\u00a0<\/p>\n\n\n\n<p><a href=\"https:\/\/www.bls.gov\/\" target=\"_blank\" rel=\"noreferrer noopener\">BUREAU OF LABOR STATISTICS<\/a><br>Site du bureau des statistiques du travail du minist\u00e8re de l&rsquo;Emploi des Etats-Unis. Site en Anglais d&rsquo;une richesse exceptionnelle. Possibilit\u00e9 de demander des compl\u00e9ments d&rsquo;information par mail. <\/p>\n\n\n\n<p><a rel=\"noreferrer noopener\" href=\"http:\/\/ceet.cnam.fr\/ceet\/centre-d-etudes-de-l-emploi-et-du-travail-accueil-947519.kjsp\" target=\"_blank\">CEET<\/a><br>(Centre d\u2019\u00e9tudes de l\u2019emploi et du travail)<br>Une source documentaire vari\u00e9e et de tr\u00e8s bonne qualit\u00e9. Un passage oblig\u00e9 pour tout ce qui a trait \u00e0 l&#8217;emploi, le ch\u00f4mage et les conditions de travail. D\u00e9sormais rattach\u00e9e au Conservatoire national des arts et m\u00e9tiers (CNAM).<\/p>\n\n\n\n<p><a href=\"https:\/\/www.cereq.fr\/\" target=\"_blank\" rel=\"noreferrer noopener\">CEREQ<\/a><br>(Centre d\u2019\u00e9tude et de recherche sur les qualifications)<br>Site de r\u00e9f\u00e9rence pour tout ce qui concerne la formation et les qualifications. Etudes, recherches, publications, base de donn\u00e9es. Un site de qualit\u00e9.<\/p>\n\n\n\n<p><a href=\"http:\/\/www.cerc.gouv.fr\/\" target=\"_blank\" rel=\"noreferrer noopener\">CERC<\/a><br>(Conseil de l\u2019emploi, des revenus et de la coh\u00e9sion sociale)<br>Le Conseil de l\u2019emploi, des revenus et de la coh\u00e9sion sociale \u00e9tait un organisme rattach\u00e9 au premier ministre dont l\u2019objectif revendiqu\u00e9 \u00e9tait de contribuer \u00e0 la connaissance des revenus, des in\u00e9galit\u00e9s sociales et des liens entre l\u2019emploi, les revenus et la coh\u00e9sion sociale. Il n\u2019est plus en activit\u00e9 mais ses archives sont toujours accessibles. Tous les documents sont en acc\u00e8s int\u00e9gral et gratuit.\u00a0 <\/p>\n\n\n\n<p><a href=\"https:\/\/ec.europa.eu\/eurostat\/fr\/\" data-type=\"URL\" data-id=\"https:\/\/ec.europa.eu\/eurostat\/fr\/\" target=\"_blank\" rel=\"noreferrer noopener\">EUROSTAT<\/a><br>Site de l&rsquo;Office statistique des communaut\u00e9s europ\u00e9ennes. Assez peu pratique \u00e0 utiliser mais une source incontournable pour \u00e9tablir des comparaisons au niveau europ\u00e9en.<\/p>\n\n\n\n<p><a href=\"https:\/\/solidarites-sante.gouv.fr\/affaires-sociales\/familles-enfance\/\" target=\"_blank\" rel=\"noreferrer noopener\">FAMILLE ET ENFANCE<\/a><br>(Site minist\u00e9riel)<br>Portail minist\u00e9riel qui permet d\u2019acc\u00e9der \u00e0 diff\u00e9rentes sources d\u2019information relatives \u00e0 la famille et l\u2019enfance : actualit\u00e9s, dossiers th\u00e9matiques, recherches, \u00e9tudes, statistiques, sites r\u00e9gionaux, emplois et concours, renseignements pratiques, points presse.\u00a0 <\/p>\n\n\n\n<p><a href=\"https:\/\/www.insee.fr\/fr\/accueil\" target=\"_blank\" rel=\"noreferrer noopener\">INSEE<\/a><br>(Institut national de la statistique et des \u00e9tudes \u00e9conomiques)<br>Une source extraordinairement riche concernant les diff\u00e9rents aspects de l&rsquo;\u00e9conomie fran\u00e7aise, de la conjoncture nationale et internationale. Certains acc\u00e8s sont payants. <\/p>\n\n\n\n<p><a href=\"https:\/\/www.irdes.fr\/\" target=\"_blank\" rel=\"noreferrer noopener\">IRDES<\/a><br>(Institut de recherche et documentation en \u00e9conomie de la sant\u00e9)<br>Site g\u00e9n\u00e9ral. Donne acc\u00e8s \u00e0 la liste des publications de l&rsquo;IRDES et \u00e0 la base documentaire de son centre de documentation. Consultation des documents sur rendez-vous. Une source riche en ce qui concerne l&rsquo;\u00e9conomie de la sant\u00e9.<\/p>\n\n\n\n<p><a href=\"https:\/\/www.ipsos.com\/fr-fr\" target=\"_blank\" rel=\"noreferrer noopener\">IPSOS<\/a><br>Site de l&rsquo;institut de sondage. Donne acc\u00e8s gratuitement \u00e0 sa base documentaire. Une source remarquable.<\/p>\n\n\n\n<p><a href=\"http:\/\/www.ires.fr\/\" target=\"_blank\" rel=\"noreferrer noopener\">IRES<\/a><br>(Institut de recherches \u00e9conomiques et sociales)<br>L&rsquo;IRES a pour fonction de r\u00e9pondre aux besoins exprim\u00e9s par les organisations syndicales repr\u00e9sentatives dans le domaine de la recherche \u00e9conomique et sociale. Les th\u00e8mes trait\u00e9s sont : l\u2019emploi, le revenu salarial, les relations professionnelles, la mondialisation financi\u00e8re et la transformation du rapport salarial, l\u2019actualit\u00e9 internationale des probl\u00e8mes du travail. Des travaux de qualit\u00e9.<\/p>\n\n\n\n<p><a href=\"https:\/\/travail-emploi.gouv.fr\/\" target=\"_blank\" rel=\"noreferrer noopener\">MINIST\u00c8RE DU TRAVAIL<\/a><br>Propose, entre autres informations, l&rsquo;acc\u00e8s aux \u00e9tudes, aux recherches, aux \u00e9valuations et aux sommaires des publications de la DARES (direction de l&rsquo;animation de la recherche, des \u00e9tudes et des statistiques) du minist\u00e8re. Source remarquable.<\/p>\n\n\n\n<p><a href=\"http:\/\/www.oecd.org\/fr\/index.htm\" target=\"_blank\" rel=\"noreferrer noopener\">OCDE<\/a><br>(Organisation pour la coop\u00e9ration et le d\u00e9veloppement \u00e9conomique)<br>Source tr\u00e8s riche, mais tr\u00e8s confuse. Il faut pers\u00e9v\u00e9rer : des documents passionnants et en ligne gratuitement sont parfois \u00e0 la cl\u00e9.<\/p>\n\n\n\n<p><a href=\"https:\/\/www.ofce.sciences-po.fr\/\" target=\"_blank\" rel=\"noreferrer noopener\">OFCE<\/a><br>(Observatoire fran\u00e7ais des conjonctures \u00e9conomiques)<br>Site de l&rsquo;Observatoire fran\u00e7ais des conjonctures \u00e9conomiques, affili\u00e9 \u00e0 Sciences po. Propose un acc\u00e8s \u00e0 ses publications.<\/p>\n\n\n\n<p><a href=\"http:\/\/www.ilo.org\/global\/lang--fr\/index.htm\" target=\"_blank\" rel=\"noreferrer noopener\">OIT<\/a><br>(Organisation internationale du travail)<br>Un site riche et touffu sur le travail, l\u2019emploi, le ch\u00f4mage et la protection sociale. L\u2019avantage d\u2019un regard comparatif international, desservi par un manque de hi\u00e9rarchisation des informations. Un moteur de recherche est disponible.<\/p>\n\n\n\n<p><a href=\"https:\/\/www.who.int\/fr\/\" target=\"_blank\" rel=\"noreferrer noopener\">OMS<\/a><br>(Organisation mondiale de la sant\u00e9)<br>Un site assez mal con\u00e7u, organis\u00e9 par zone g\u00e9ographique. Mais des documents tr\u00e8s riches \u00e0 charger gratuitement, notamment le Rapport annuel sur la sant\u00e9 dans le monde.<\/p>\n\n\n\n<p><a href=\"https:\/\/www.egalite-femmes-hommes.gouv.fr\/egalite-entre-les-femmes-et-les-hommes\/\" target=\"_blank\" rel=\"noreferrer noopener\">PARIT\u00c9-\u00c9GALITE PROFESSIONNELLE<\/a><br>(Site minist\u00e9riel)<br>Portail qui permet d\u2019acc\u00e9der \u00e0 diff\u00e9rentes sources d\u2019information relatives \u00e0 la parit\u00e9 et \u00e0 l\u2019\u00e9galit\u00e9 professionnelle : actualit\u00e9s, dossiers th\u00e9matiques, recherches, \u00e9tudes, statistiques, sites r\u00e9gionaux, emplois et concours, renseignements pratiques, points presse.<\/p>\n\n\n\n<p><a href=\"https:\/\/solidarites-sante.gouv.fr\/affaires-sociales\/personnes-agees\/\" target=\"_blank\" rel=\"noreferrer noopener\">PERSONNES \u00c2G\u00c9ES<\/a><br>(Site minist\u00e9riel)<br>Portail qui permet d\u2019acc\u00e9der \u00e0 diff\u00e9rentes sources d\u2019information relatives aux personnes \u00e2g\u00e9es : actualit\u00e9s, dossiers th\u00e9matiques, recherches, \u00e9tudes, statistiques, sites r\u00e9gionaux, emplois et concours, renseignements pratiques, points presse.<\/p>\n\n\n\n<p><a href=\"https:\/\/handicap.gouv.fr\/\" target=\"_blank\" rel=\"noreferrer noopener\">PERSONNES HANDICAP\u00c9ES<\/a><br>(Site minist\u00e9riel)<br>Portail minist\u00e9riel qui permet d\u2019acc\u00e9der \u00e0 diff\u00e9rentes sources d\u2019information relatives aux personnes handicap\u00e9es : actualit\u00e9s, dossiers th\u00e9matiques, recherches, \u00e9tudes, statistiques, sites r\u00e9gionaux, emplois et concours, renseignements pratiques, points presse.\u00a0 <\/p>\n\n\n\n<p><a href=\"https:\/\/solidarites-sante.gouv.fr\/\" target=\"_blank\" rel=\"noreferrer noopener\">PORTAIL DU MINIST\u00c8RE DE LA SANT\u00c9 ET DE LA SOLIDARIT\u00c9<\/a><br>(Site minist\u00e9riel)<br>Plusieurs sites sont accessibles : sant\u00e9-protection sociale ; action sociale ; parit\u00e9-\u00e9galit\u00e9 professionnelle ; famille et enfance ; travail-emploi ; coh\u00e9sion sociale ; personnes \u00e2g\u00e9es ; personnes handicap\u00e9es. Sur chaque site est propos\u00e9 l\u2019acc\u00e8s \u00e0 des ressources documentaires, des recherches, des \u00e9tudes et des statistiques sur les domaines concern\u00e9s. <\/p>\n\n\n\n<p><a href=\"https:\/\/solidarites-sante.gouv.fr\/systeme-de-sante-et-medico-social\/\" target=\"_blank\" rel=\"noreferrer noopener\">SYST\u00c8ME DE SANT\u00c9<\/a><br>(Site minist\u00e9riel)<br>Portail qui permet d\u2019acc\u00e9der \u00e0 diff\u00e9rentes sources d\u2019information relatives \u00e0 la sant\u00e9 et \u00e0 la protection sociale : actualit\u00e9s, dossiers th\u00e9matiques, recherches, \u00e9tudes, statistiques, sites r\u00e9gionaux, emplois et concours, renseignements pratiques, points presse.\u00a0 <\/p>\n\n\n\n<p><a href=\"https:\/\/travail-emploi.gouv.fr\/\" target=\"_blank\" rel=\"noreferrer noopener\">TRAVAIL-EMPLOI<\/a><br>(Site minist\u00e9riel)<br>Portail qui permet d\u2019acc\u00e9der \u00e0 diff\u00e9rentes sources d\u2019information relatives au travail et \u00e0 l\u2019emploi : actualit\u00e9s, dossiers th\u00e9matiques, recherches, \u00e9tudes, statistiques, sites r\u00e9gionaux, emplois et concours, renseignements pratiques, points presse.<\/p>\n","protected":false},"excerpt":{"rendered":"<p>Dans le cadre d\u2019une recherche documentaire centr\u00e9e sur l\u2019emploi, le ch\u00f4mage ou la protection sociale, les sites des institutions suivantes peuvent \u00eatre utiles. Ce sont des institutions publiques ou priv\u00e9es, fran\u00e7aises, europ\u00e9ennes ou internationales. . . ACTION SOCIALE(Site minist\u00e9riel)Portail minist\u00e9riel qui permet d\u2019acc\u00e9der \u00e0 diff\u00e9rentes sources d\u2019information relatives \u00e0 l\u2019action sociale : actualit\u00e9s, dossiers th\u00e9matiques, &hellip; <a href=\"https:\/\/www.robertholcman.net\/index.php\/sites-dinstitutions\/\" class=\"more-link\">Continuer la lecture<span class=\"screen-reader-text\"> de &laquo;&nbsp;Sites d&rsquo;institutions&nbsp;&raquo;<\/span><\/a><\/p>\n","protected":false},"author":1,"featured_media":0,"parent":0,"menu_order":11,"comment_status":"closed","ping_status":"closed","template":"","meta":{"footnotes":""},"class_list":["post-47","page","type-page","status-publish","hentry"],"_links":{"self":[{"href":"https:\/\/www.robertholcman.net\/index.php\/wp-json\/wp\/v2\/pages\/47","targetHints":{"allow":["GET"]}}],"collection":[{"href":"https:\/\/www.robertholcman.net\/index.php\/wp-json\/wp\/v2\/pages"}],"about":[{"href":"https:\/\/www.robertholcman.net\/index.php\/wp-json\/wp\/v2\/types\/page"}],"author":[{"embeddable":true,"href":"https:\/\/www.robertholcman.net\/index.php\/wp-json\/wp\/v2\/users\/1"}],"replies":[{"embeddable":true,"href":"https:\/\/www.robertholcman.net\/index.php\/wp-json\/wp\/v2\/comments?post=47"}],"version-history":[{"count":15,"href":"https:\/\/www.robertholcman.net\/index.php\/wp-json\/wp\/v2\/pages\/47\/revisions"}],"predecessor-version":[{"id":805,"href":"https:\/\/www.robertholcman.net\/index.php\/wp-json\/wp\/v2\/pages\/47\/revisions\/805"}],"wp:attachment":[{"href":"https:\/\/www.robertholcman.net\/index.php\/wp-json\/wp\/v2\/media?parent=47"}],"curies":[{"name":"wp","href":"https:\/\/api.w.org\/{rel}","templated":true}]}}